{"id":1553,"date":"2022-02-12T17:55:27","date_gmt":"2022-02-12T16:55:27","guid":{"rendered":"https:\/\/www.interskisrb.org.rs\/?page_id=1553"},"modified":"2024-02-29T21:40:55","modified_gmt":"2024-02-29T20:40:55","slug":"evidenciona-forma-kurs","status":"publish","type":"page","link":"https:\/\/www.interskisrb.org.rs\/?page_id=1553","title":{"rendered":"\u0415\u041b\u0415\u041a\u0422\u0420\u041e\u041d\u0421\u041a\u0410 \u041f\u0420\u0418\u0408\u0410\u0412\u0410 &#8211; \u041a\u0423\u0420\u0421"},"content":{"rendered":"\n<p><strong>\u0423 \u0441\u043a\u043b\u0430\u0434\u0443 \u0441\u0430 \u043e\u0434\u0440\u0435\u0434\u0431\u0430\u043c\u0430 \u0417\u0430\u043a\u043e\u043d\u0430 \u043e \u0441\u043f\u043e\u0440\u0442\u0443 2016. \u0433\u043e\u0434. (\u0427\u043b. 30. \u0441\u0442. 3 \u0438 4) \u043a\u043e\u0458\u0438 \u043f\u0440\u043e\u043f\u0438\u0441\u0443\u0458\u0435 \u043d\u0430\u0447\u0438\u043d \u0432\u043e\u0452\u0435\u045a\u0430 \u0435\u0432\u0438\u0434\u0435\u043d\u0446\u0438\u0458\u0430 \u043e \u043f\u043e\u043b\u0430\u0437\u043d\u0438\u0446\u0438\u043c\u0430 \u043a\u0443\u0440\u0441\u0435\u0432\u0430 \u0437\u0430 \u0441\u0442\u0440\u0443\u0447\u043d\u043e \u043e\u0441\u043f\u043e\u0441\u043e\u0431\u0459\u0430\u0432\u0430\u045a\u0435, \u043c\u043e\u043b\u0438\u043c\u043e \u0412\u0430\u0441 \u0434\u0430 \u0438\u0441\u043f\u0443\u043d\u0438\u0442\u0435 \u0441\u043b\u0435\u0434\u0435\u045b\u0435 \u043f\u043e\u0434\u0430\u0442\u043a\u0435 \u0438 \u043f\u0440\u0438\u0442\u0438\u0441\u043a\u043e\u043c \u043d\u0430 \u0434\u0443\u0433\u043c\u0435 &#8222;\u041f\u043e\u0448\u0430\u0459\u0438 \u043f\u043e\u0434\u0430\u0442\u043a\u0435&#8220; \u043f\u0440\u043e\u0441\u043b\u0435\u0434\u0438\u0442\u0435 \u043f\u043e\u0434\u0430\u0442\u043a\u0435 \u0443 \u0446\u0438\u0459\u0443 \u043a\u043e\u043c\u043f\u043b\u0435\u0442\u0438\u0440\u0430\u045a\u0430 \u0435\u0432\u0438\u0434\u0435\u043d\u0446\u0438\u0458\u0430 \u043e \u043f\u043e\u043b\u0430\u0437\u043d\u0438\u0446\u0438\u043c\u0430.<\/strong><\/p>\n\n\n\n<p><strong>\u0421\u041e\u0418\u0421.<\/strong><\/p>\n\n\n\n<p><\/p>\n\n\n\n<div class=\"wp-block-contact-form-7-contact-form-selector\">\n<div class=\"wpcf7 no-js\" id=\"wpcf7-f1552-o1\" lang=\"sr-RS\" dir=\"ltr\">\n<div class=\"screen-reader-response\"><p role=\"status\" aria-live=\"polite\" aria-atomic=\"true\"><\/p> <ul><\/ul><\/div>\n<form action=\"\/index.php?rest_route=%2Fwp%2Fv2%2Fpages%2F1553#wpcf7-f1552-o1\" method=\"post\" class=\"wpcf7-form init\" aria-label=\"Contact form\" enctype=\"multipart\/form-data\" novalidate=\"novalidate\" data-status=\"init\">\n<div style=\"display: none;\">\n<input type=\"hidden\" name=\"_wpcf7\" value=\"1552\" \/>\n<input type=\"hidden\" name=\"_wpcf7_version\" value=\"5.7.5.1\" \/>\n<input type=\"hidden\" name=\"_wpcf7_locale\" value=\"sr_RS\" \/>\n<input type=\"hidden\" name=\"_wpcf7_unit_tag\" value=\"wpcf7-f1552-o1\" \/>\n<input type=\"hidden\" name=\"_wpcf7_container_post\" value=\"0\" \/>\n<input type=\"hidden\" name=\"_wpcf7_posted_data_hash\" value=\"\" \/>\n<\/div>\n<p><label> !!!! POTREBNO JE POPUNITI SVA POLJA<br \/>\n!!! KORISTITE LATINICU SA SLOVIMA \u0160\u0161, \u0106\u0107, \u0110\u0111, \u010c\u010d<br \/>\n!!! VEOMA VA\u017dNO !!! ----- PRAVILNO IMENUJTE FAJLOVE KOJE PRILA\u017dETE U SKLADU SA UPUTSTVOM ----<br \/>\n<\/label>\n<\/p>\n<p><label><br \/>\n>>> \u041f\u0440\u0435\u043c\u0430 \u041f\u0440\u0430\u0432\u0438\u043b\u043d\u0438\u043a\u0443 \u043e \u0441\u0442\u0440\u0443\u0447\u043d\u043e\u043c \u043e\u0441\u043f\u043e\u0441\u043e\u0431\u0459\u0430\u0432\u0430\u045a\u0443 \u0438 \u0443\u0441\u0430\u0432\u0440\u0448\u0430\u0432\u0430\u045a\u0443 \u043f\u043e\u0441\u0442\u043e\u0458\u0435 \u0441\u043b\u0435\u0434\u0435\u045b\u0438 \u043d\u0438\u0432\u043e\u0438 \u0441\u0442\u0440\u0443\u0447\u043d\u0435 \u043e\u0441\u043f\u043e\u0441\u043e\u0431\u0459\u0435\u043d\u043e\u0441\u0442\u0438 \u043a\u043e\u0458\u0438 \u0441\u0435 \u043e\u0434\u043d\u043e\u0441\u0435 \u043d\u0430 \u0438\u043d\u0441\u0442\u0440\u0443\u043a\u0442\u043e\u0440\u0435 \u0441\u043a\u0438\u0458\u0430\u045a\u0430\/\u0441\u043d\u043e\u0443\u0431\u043e\u0440\u0434\u0430:<br \/>\n1. \u041d\u0418\u0412\u041e II - \u0421\u041f\u041e\u0420\u0422\u0421\u041a\u0418 \u0414\u0415\u041c\u041e\u041d\u0421\u0422\u0420\u0410\u0422\u041e\u0420 (\u043c\u0438\u043d\u0438\u043c\u0443\u043c 240 \u0447\u0430\u0441\u043e\u0432\u0430 \u043e\u0431\u0443\u043a\u0435) - \u041a\u0410\u041d\u0414\u0418\u0414\u0410\u0422\u0418 \u041a\u041e\u0408\u0418 \u041d\u0415 \u041f\u041e\u0421\u0415\u0414\u0423\u0408\u0423 \u041d\u0418\u0408\u0415\u0414\u041d\u041e \u0417\u0412\u0410\u040a\u0415<br \/>\n2. \u041d\u0418\u0412\u041e III - \u0421\u041f\u041e\u0420\u0422\u0421\u041a\u0418 \u0418\u041d\u0421\u0422\u0420\u0423\u041a\u0422\u041e\u0420 (\u043c\u0438\u043d\u0438\u043c\u0443 360 \u0447\u0430\u0441\u043e\u0432\u0430 \u043e\u0431\u0443\u043a\u0435)<br \/>\n3. \u041d\u0418\u0412\u041e IV - \u0421\u041f\u041e\u0420\u0422\u0421\u041a\u0418 \u0423\u0427\u0418\u0422\u0415\u0409 (\u0420\u0410\u0414 \u0421\u0410 \u0414\u0415\u0426\u041e\u041c \u0423 \u0421\u041f\u041e\u0420\u0422\u0423 \u0414\u041e 16 \u0433\u043e\u0434. 360 \u0447\u0430\u0441\u043e\u0432\u0430 \u043e\u0431\u0443\u043a\u0435)<br \/>\n<\/label>\n<\/p>\n<p><label><br \/>\n\u0438\u043c\u0435 \u043f\u043e\u043b\u0430\u0437\u043d\u0438\u043a\u0430<br \/>\n<span class=\"wpcf7-form-control-wrap\" data-name=\"ime\"><input size=\"40\" class=\"wpcf7-form-control wpcf7-text wpcf7-validates-as-required\" aria-required=\"true\" aria-invalid=\"false\" placeholder=\"!!! KORISTITI \u0160\u0161, \u0106\u0107, \u0110\u0111, \u010c\u010d\" value=\"\" type=\"text\" name=\"ime\" \/><\/span><br \/>\n<\/label>\n<\/p>\n<p><label><br \/>\n\u0438\u043c\u0435 \u0458\u0435\u0434\u043d\u043e\u0433 \u0440\u043e\u0434\u0438\u0442\u0435\u0459\u0430<br \/>\n<span class=\"wpcf7-form-control-wrap\" data-name=\"ime_rod\"><input size=\"40\" class=\"wpcf7-form-control wpcf7-text wpcf7-validates-as-required\" aria-required=\"true\" aria-invalid=\"false\" placeholder=\"!!! KORISTITI \u0160\u0161, \u0106\u0107, \u0110\u0111, \u010c\u010d\" value=\"\" type=\"text\" name=\"ime_rod\" \/><\/span><br \/>\n<\/label>\n<\/p>\n<p><label><br \/>\n\u043f\u0440\u0435\u0437\u0438\u043c\u0435<br \/>\n<span class=\"wpcf7-form-control-wrap\" data-name=\"prezime\"><input size=\"40\" class=\"wpcf7-form-control wpcf7-text wpcf7-validates-as-required\" aria-required=\"true\" aria-invalid=\"false\" placeholder=\"!!! KORISTITI \u0160\u0161, \u0106\u0107, \u0110\u0111, \u010c\u010d\" value=\"\" type=\"text\" name=\"prezime\" \/><\/span><br \/>\n<\/label>\n<\/p>\n<p><label> \u0434\u0430\u0442\u0443\u043c \u0440\u043e\u0452\u0435\u045a\u0430<br \/>\n<span class=\"wpcf7-form-control-wrap\" data-name=\"datum_rodj\"><input class=\"wpcf7-form-control wpcf7-date wpcf7-validates-as-required wpcf7-validates-as-date\" aria-required=\"true\" aria-invalid=\"false\" placeholder=\"\u0434\u0434.\u043c\u043c.\u0433\u0433\u0433\u0433\" value=\"\" type=\"date\" name=\"datum_rodj\" \/><\/span> <\/label>\n<\/p>\n<p><label> \u0408\u041c\u0411\u0413<br \/>\n<span class=\"wpcf7-form-control-wrap\" data-name=\"JMBG\"><input size=\"40\" class=\"wpcf7-form-control wpcf7-text wpcf7-validates-as-required\" aria-required=\"true\" aria-invalid=\"false\" placeholder=\"13 CIFARA\" value=\"\" type=\"text\" name=\"JMBG\" \/><\/span><br \/>\n<\/label>\n<\/p>\n<p><label><br \/>\n\u043c\u0435\u0441\u0442\u043e \u0440\u043e\u0452\u0435\u045a\u0430<br \/>\n<span class=\"wpcf7-form-control-wrap\" data-name=\"mesto_rodj\"><input size=\"40\" class=\"wpcf7-form-control wpcf7-text wpcf7-validates-as-required\" aria-required=\"true\" aria-invalid=\"false\" value=\"\" type=\"text\" name=\"mesto_rodj\" \/><\/span><br \/>\n<\/label>\n<\/p>\n<p><label><br \/>\n\u043e\u043f\u0448\u0442\u0438\u043d\u0430 \u0440\u043e\u0452\u0435\u045a\u0430<br \/>\n<span class=\"wpcf7-form-control-wrap\" data-name=\"ops_rodj\"><input size=\"40\" class=\"wpcf7-form-control wpcf7-text wpcf7-validates-as-required\" aria-required=\"true\" aria-invalid=\"false\" value=\"\" type=\"text\" name=\"ops_rodj\" \/><\/span><br \/>\n<\/label>\n<\/p>\n<p><label> \u0434\u0440\u0436\u0430\u0432\u0430 \u0440\u043e\u0452\u0435\u045a\u0430<br \/>\n<span class=\"wpcf7-form-control-wrap\" data-name=\"drzava\"><input size=\"40\" class=\"wpcf7-form-control wpcf7-text wpcf7-validates-as-required\" aria-required=\"true\" aria-invalid=\"false\" value=\"\" type=\"text\" name=\"drzava\" \/><\/span> <\/label>\n<\/p>\n<p><label> \u043f\u0440\u0435\u0431\u0438\u0432\u0430\u043b\u0438\u0448\u0442\u0435<br \/>\n<span class=\"wpcf7-form-control-wrap\" data-name=\"prebiv\"><input size=\"40\" class=\"wpcf7-form-control wpcf7-text wpcf7-validates-as-required\" aria-required=\"true\" aria-invalid=\"false\" value=\"\" type=\"text\" name=\"prebiv\" \/><\/span> <\/label><br \/>\n<label> \u0430\u0434\u0440\u0435\u0441\u0430<br \/>\n<span class=\"wpcf7-form-control-wrap\" data-name=\"adresa\"><input size=\"40\" class=\"wpcf7-form-control wpcf7-text wpcf7-validates-as-required\" aria-required=\"true\" aria-invalid=\"false\" value=\"\" type=\"text\" name=\"adresa\" \/><\/span><\/label><br \/>\n<label> \u0434\u0440\u0436\u0430\u0432\u0459\u0430\u043d\u0441\u0442\u0432\u043e<br \/>\n<span class=\"wpcf7-form-control-wrap\" data-name=\"drzavljanstvo\"><input size=\"40\" class=\"wpcf7-form-control wpcf7-text wpcf7-validates-as-required\" aria-required=\"true\" aria-invalid=\"false\" value=\"\" type=\"text\" name=\"drzavljanstvo\" \/><\/span><\/label>\n<\/p>\n<p><label><br \/>\n\u0431\u0440. \u0442\u0435\u043b\u0435\u0444\u043e\u043d\u0430<br \/>\n<span class=\"wpcf7-form-control-wrap\" data-name=\"telefon\"><input size=\"40\" class=\"wpcf7-form-control wpcf7-text wpcf7-tel wpcf7-validates-as-required wpcf7-validates-as-tel\" aria-required=\"true\" aria-invalid=\"false\" placeholder=\"!!! 06X1234567\" value=\"\" type=\"tel\" name=\"telefon\" \/><\/span><br \/>\n<\/label>\n<\/p>\n<p><label><br \/>\n\u0435\u043b\u0435\u043a\u0442\u0440\u043e\u043d\u0441\u043a\u0430 \u043f\u043e\u0448\u0442\u0430 (email)<br \/>\n<span class=\"wpcf7-form-control-wrap\" data-name=\"email\"><input size=\"40\" class=\"wpcf7-form-control wpcf7-text wpcf7-email wpcf7-validates-as-required wpcf7-validates-as-email\" aria-required=\"true\" aria-invalid=\"false\" value=\"\" type=\"email\" name=\"email\" \/><\/span><br \/>\n<\/label>\n<\/p>\n<p><label> \u0418\u041d\u0424\u041e\u0420\u041c\u0410\u0426\u0418\u0408\u0415 \u041e \u041f\u0420\u0415\u0422\u0425\u041e\u0414\u041d\u041e\u041c \u0428\u041a\u041e\u041b\u041e\u0412\u0410\u040a\u0423 <\/label><br \/>\n<label> \u043d\u0430\u0437\u0438\u0432 \u0437\u0430\u0432\u0440\u0448\u0435\u043d\u0435 \u0448\u043a\u043e\u043b\u0435<br \/>\n<span class=\"wpcf7-form-control-wrap\" data-name=\"naziv_skole\"><input size=\"40\" class=\"wpcf7-form-control wpcf7-text wpcf7-validates-as-required\" aria-required=\"true\" aria-invalid=\"false\" value=\"\" type=\"text\" name=\"naziv_skole\" \/><\/span> <\/label><br \/>\n<label> \u0441\u0435\u0434\u0438\u0448\u0442\u0435<br \/>\n<span class=\"wpcf7-form-control-wrap\" data-name=\"sediste\"><input size=\"40\" class=\"wpcf7-form-control wpcf7-text wpcf7-validates-as-required\" aria-required=\"true\" aria-invalid=\"false\" value=\"\" type=\"text\" name=\"sediste\" \/><\/span><\/label>\n<\/p>\n<p><label> \u0433\u043e\u0434\u0438\u043d\u0430 \u0443 \u043a\u043e\u0458\u043e\u0458 \u0458\u0435 \u0437\u0430\u0432\u0440\u0448\u0435\u043d\u043e \u043f\u0440\u0435\u0442\u0445\u043e\u0434\u043d\u043e \u0448\u043a\u043e\u043b\u043e\u0432\u0430\u045a\u0435<br \/>\n<span class=\"wpcf7-form-control-wrap\" data-name=\"godina_zavrsetka\"><input size=\"40\" class=\"wpcf7-form-control wpcf7-text wpcf7-validates-as-required\" aria-required=\"true\" aria-invalid=\"false\" value=\"\" type=\"text\" name=\"godina_zavrsetka\" \/><\/span> <\/label><br \/>\n<label> \u0441\u0442\u0440\u0443\u0447\u043d\u0438\/\u0430\u043a\u0430\u0434\u0435\u043c\u0441\u043a\u0438 \u043d\u0430\u0437\u0438\u0432 \u0438 \u0441\u043a\u0440\u0430\u045b\u0435\u043d\u0438 \u043d\u0430\u0437\u0438\u0432 (\u0441\u0442\u0443\u0434\u0435\u043d\u0442 \u043d\u0438\u0458\u0435 \u0441\u0442\u0440.\/\u0430\u043a\u0430\u0434\u0435\u043c\u0441\u043a\u0438 \u043d\u0430\u0437\u0438\u0432)<br \/>\n<span class=\"wpcf7-form-control-wrap\" data-name=\"str_naziv\"><input size=\"40\" class=\"wpcf7-form-control wpcf7-text wpcf7-validates-as-required\" aria-required=\"true\" aria-invalid=\"false\" value=\"\" type=\"text\" name=\"str_naziv\" \/><\/span> <\/label>\n<\/p>\n<p><label> \u0441\u043f\u043e\u0440\u0442\u0441\u043a\u043e \u0437\u0432\u0430\u045a\u0435 \u0437\u0430 \u043a\u043e\u0458\u0435 \u0441\u0435 \u043f\u0440\u0438\u0458\u0430\u0432\u0459\u0443\u0458\u0435<br \/>\n<span class=\"wpcf7-form-control-wrap\" data-name=\"sp_zvanje\"><select class=\"wpcf7-form-control wpcf7-select wpcf7-validates-as-required\" aria-required=\"true\" aria-invalid=\"false\" name=\"sp_zvanje\"><option value=\"\">&#8212;Please choose an option&#8212;<\/option><option value=\"DOPUNA PRAKTI\u010cNOG DELA KURSA\">DOPUNA PRAKTI\u010cNOG DELA KURSA<\/option><option value=\"DODATNIH 120\u010d OBUKE\">DODATNIH 120\u010d OBUKE<\/option><option value=\"Sportski demonstrator SKI (240\u010dasova) - 1. DEO KURSA\">Sportski demonstrator SKI (240\u010dasova) - 1. DEO KURSA<\/option><option value=\"Sportski demonstrator SKI (240\u010dasova) - 2. DEO KURSA\">Sportski demonstrator SKI (240\u010dasova) - 2. DEO KURSA<\/option><option value=\"Sportski instruktor SKI (240\u010dasova)\">Sportski instruktor SKI (240\u010dasova)<\/option><option value=\"Sportski instruktor SKI (360\u010dasova)\">Sportski instruktor SKI (360\u010dasova)<\/option><option value=\"Sportski demonstrator BOR (240\u010dasova) - 1. DEO KURSA\">Sportski demonstrator BOR (240\u010dasova) - 1. DEO KURSA<\/option><option value=\"Sportski demonstrator BOR (240\u010dasova) - 2. DEO KURSA\">Sportski demonstrator BOR (240\u010dasova) - 2. DEO KURSA<\/option><option value=\"Sportski instruktor BOR (240\u010dasova)\">Sportski instruktor BOR (240\u010dasova)<\/option><option value=\"Sportski instruktor BOR (360\u010dasova)\">Sportski instruktor BOR (360\u010dasova)<\/option><option value=\"Rad sa decom u sportu SKI\">Rad sa decom u sportu SKI<\/option><option value=\"Rad sa decom u sportu BOR\">Rad sa decom u sportu BOR<\/option><option value=\"Op\u0161ti (teorijski) deo kursa 1. + 2. - SKI\">Op\u0161ti (teorijski) deo kursa 1. + 2. - SKI<\/option><option value=\"Op\u0161ti (teorijski) deo kursa 1. + 2. - BOR\">Op\u0161ti (teorijski) deo kursa 1. + 2. - BOR<\/option><option value=\"Op\u0161ti (teorijski) deo kursa 1 - SKI\">Op\u0161ti (teorijski) deo kursa 1 - SKI<\/option><option value=\"Op\u0161ti (teorijski) deo kursa 1 - BOR\">Op\u0161ti (teorijski) deo kursa 1 - BOR<\/option><option value=\"Op\u0161ti (teorijski) deo kursa 3 - SKI\">Op\u0161ti (teorijski) deo kursa 3 - SKI<\/option><option value=\"Op\u0161ti (teorijski) deo kursa 3 - BOR\">Op\u0161ti (teorijski) deo kursa 3 - BOR<\/option><option value=\"NOSTRIFIKACIJA zvanja ste\u010denih van SOIS - SKI\">NOSTRIFIKACIJA zvanja ste\u010denih van SOIS - SKI<\/option><option value=\"NOSTRIFIKACIJA zvanja ste\u010denih van SOIS - BOR\">NOSTRIFIKACIJA zvanja ste\u010denih van SOIS - BOR<\/option><\/select><\/span><br \/>\n<\/label>\n<\/p>\n<p><label><br \/>\n\u043c\u0435\u0441\u0442\u043e \u043e\u0434\u0440\u0436\u0430\u0432\u0430\u045a\u0430 \u043a\u0443\u0440\u0441\u0430<br \/>\n<span class=\"wpcf7-form-control-wrap\" data-name=\"mesto_kursa\"><select class=\"wpcf7-form-control wpcf7-select wpcf7-validates-as-required\" aria-required=\"true\" aria-invalid=\"false\" name=\"mesto_kursa\"><option value=\"\">&#8212;Please choose an option&#8212;<\/option><option value=\"LIVIGNO (IT)\">LIVIGNO (IT)<\/option><option value=\"KOPAONIK\">KOPAONIK<\/option><option value=\"ST. PLANINA\">ST. PLANINA<\/option><option value=\"TORNIK\">TORNIK<\/option><option value=\"NI\u0160\">NI\u0160<\/option><\/select><\/span><br \/>\n<\/label>\n<\/p>\n<p><label> \u0434\u0430\u0442\u0443\u043c \u043f\u043e\u0447\u0435\u0442\u043a\u0430 \u043a\u0443\u0440\u0441\u0430 \u0437\u0430 \u043a\u043e\u0458\u0438 \u0441\u0435 \u043f\u0440\u0438\u0458\u0430\u0432\u0459\u0443\u0458\u0435\u0442\u0435<br \/>\n<span class=\"wpcf7-form-control-wrap\" data-name=\"datum_kursa\"><input class=\"wpcf7-form-control wpcf7-date wpcf7-validates-as-required wpcf7-validates-as-date\" aria-required=\"true\" aria-invalid=\"false\" value=\"\u0434\u0434.\u043c\u043c.\u0433\u0433\u0433\u0433\" type=\"date\" name=\"datum_kursa\" \/><\/span> <\/label><br \/>\n<label><br \/>\n<label><br \/>\n\u0414\u043e\u043a\u0430\u0437 \u0441\u0442\u0440\u0443\u0447\u043d\u0435 \u0441\u043f\u0440\u0435\u043c\u0435 (\u043c\u0438\u043d\u0438\u043c\u0443\u043c \u0441\u0440\u0435\u0434\u045a\u043e\u0448\u043a\u043e\u043b\u0441\u043a\u043e \u043e\u0431\u0440\u0430\u0437\u043e\u0432\u0430\u045a\u0435) \u0438\u0441\u043a\u0459\u0443\u0447\u0438\u0432\u043e .pdf \u0434\u043e\u043a\u0443\u043c\u0435\u043d\u0442\u0438. \u041d\u0410\u0417\u0418\u0412 \u0424\u0410\u0408\u041b\u0410: ImePrezime_SS \u043d\u043f\u0440. \"PetarPetrovic_SS\"<br \/>\n<span class=\"wpcf7-form-control-wrap\" data-name=\"StrSprema\"><input size=\"40\" class=\"wpcf7-form-control wpcf7-file wpcf7-validates-as-required\" accept=\".pdf\" aria-required=\"true\" aria-invalid=\"false\" type=\"file\" name=\"StrSprema\" \/><\/span><br \/>\n<\/label><br \/>\n<label><br \/>\n\u041b\u0435\u043a\u0430\u0440\u0441\u043a\u043e \u0443\u0432\u0435\u0440\u0435\u045a\u0435 \u043d\u0435 \u0441\u0442\u0430\u0440\u0438\u0458\u0435 \u043e\u0434 30 \u0434\u0430\u043d\u0430 \u043a\u043e\u0458\u0435 \u0441\u0430\u0434\u0440\u0436\u0438 \u043d\u0430\u0437\u043d\u0430\u043a\u0443: \"\u0421\u043f\u043e\u0441\u043e\u0431\u0430\u043d \u0437\u0430 \u0443\u0447\u0435\u0448\u045b\u0435 \u043d\u0430 \u043a\u0443\u0440\u0441\u0443 \u0437\u0430 \u0441\u0442\u0438\u0446\u0430\u045a\u0435 \u0437\u0432\u0430\u045a\u0430 \u0438\u043d\u0441\u0442\u0440\u0443\u043a\u0442\u043e\u0440\u0430 \u0441\u043a\u0438\u0458\u0430\u045a\u0430\/\u0441\u043d\u043e\u0443\u0431\u043e\u0440\u0434\u0430\". \u041d\u0410\u0417\u0418\u0412 \u0424\u0410\u0408\u041b\u0410: ImePrezime_LU \u043d\u043f\u0440. \"PetarPetrovic_LU\"<br \/>\n<span class=\"wpcf7-form-control-wrap\" data-name=\"LekUve\"><input size=\"40\" class=\"wpcf7-form-control wpcf7-file wpcf7-validates-as-required\" accept=\".pdf\" aria-required=\"true\" aria-invalid=\"false\" type=\"file\" name=\"LekUve\" \/><\/span><br \/>\n<\/label><br \/>\n<label><br \/>\n!!!\u0421\u0410\u041c\u041e \u0417\u0410 \u041f\u041e\u041b\u0410\u0417\u041d\u0418\u041a\u0415 \u041a\u041e\u0408\u0418 \u0418\u0414\u0423 \u041d\u0410 \u041a\u0423\u0420\u0421 \u0417\u0410 \u041d\u0410\u0420\u0415\u0414\u041d\u041e, \u0412\u0418\u0428\u0415, \u0417\u0412\u0410\u040a\u0415 !!! \u041f\u043e\u0442\u0432\u0440\u0434\u0430 \u043e \u043e\u0431\u0430\u0432\u0459\u0435\u043d\u0438\u0445, \u043d\u0430\u0458\u043c\u0430\u045a\u0435 90 \u0447\u0430\u0441\u043e\u0432\u0430 \u043f\u0440\u0430\u043a\u0441\u0435 \u0443 \u0432\u043e\u0452\u0435\u045a\u0443 \u043e\u0431\u0443\u043a\u0435 \u0443 \u043f\u0435\u0440\u0438\u043e\u0434\u0443 \u043e\u0434 \u043f\u0440\u0435\u0442\u0445\u043e\u0434\u043d\u043e \u0441\u0442\u0435\u0447\u0435\u043d\u043e\u0433 \u0437\u0432\u0430\u045a\u0430\". \u041d\u0410\u0417\u0418\u0412 \u0424\u0410\u0408\u041b\u0410: ImePrezime_P90 \u043d\u043f\u0440. \"PetarPetrovic_P90\"<br \/>\n<span class=\"wpcf7-form-control-wrap\" data-name=\"PotP90\"><input size=\"40\" class=\"wpcf7-form-control wpcf7-file\" accept=\".pdf\" aria-invalid=\"false\" type=\"file\" name=\"PotP90\" \/><\/span><br \/>\n<\/label><br \/>\n<label><br \/>\n!!!\u0421\u0410\u041c\u041e \u0417\u0410 \u041f\u041e\u041b\u0410\u0417\u041d\u0418\u041a\u0415 \u041a\u041e\u0408\u0418 \u0421\u0423 \u0417\u0412\u0410\u040a\u0410 \u0421\u0422\u0415\u041a\u041b\u0418 \u0412\u0410\u041d \u0421\u041e\u0418\u0421 \u041e\u0420\u0413\u0410\u041d\u0418\u0417\u0410\u0426\u0418\u0408\u0415, \u0410 \u041f\u0420\u0418\u0408\u0410\u0412\u0409\u0423\u0408\u0423 \u0421\u0415 \u0417\u0410 \u0421\u041e\u0418\u0421 \u041a\u0423\u0420\u0421!!! \u0421\u0412\u0410 \u0423\u0412\u0415\u0420\u0415\u040a\u0415(\u0410) \u041e\u0420\u0413\u0410\u041d\u0418\u0417\u0410\u0426\u0418\u0408\u0410 \u0423 \u041a\u041e\u0408\u0418\u041c\u0410 \u0421\u0423 \u0421\u0422\u0415\u041a\u041b\u0418 \u0417\u0412\u0410\u040a\u0410 \u0421\u041a\u0415\u041d\u0418\u0420\u0410\u0422\u0418 \u0423 \u0408\u0415\u0414\u0410\u041d .pdf \u0424\u0410\u0408\u041b. \u041d\u0410\u0417\u0418\u0412 \u0424\u0410\u0408\u041b\u0410: ImePrezime_NOS \u043d\u043f\u0440. \"PetarPetrovic_NOS\"<br \/>\n<span class=\"wpcf7-form-control-wrap\" data-name=\"Nos\"><input size=\"40\" class=\"wpcf7-form-control wpcf7-file\" accept=\".pdf\" aria-invalid=\"false\" type=\"file\" name=\"Nos\" \/><\/span><br \/>\n<\/label><br \/>\n<label><br \/>\n<span class=\"wpcf7-form-control-wrap\" data-name=\"Izjava\"><span class=\"wpcf7-form-control wpcf7-acceptance\"><span class=\"wpcf7-list-item\"><label><input type=\"checkbox\" name=\"Izjava\" value=\"1\" aria-invalid=\"false\" \/><span class=\"wpcf7-list-item-label\">\u041e\u0432\u0438\u043c \u043f\u0443\u0442\u0435\u043c \u0438\u0437\u0458\u0430\u0432\u0459\u0443\u0458\u0435\u043c \u0434\u0430 \u043f\u0440\u0438\u0445\u0432\u0430\u0442\u0430\u043c \u0441\u0432\u0443 \u043e\u0434\u0433\u043e\u0432\u043e\u0440\u043d\u043e\u0441\u0442 \u0437\u0430 \u043d\u0435\u0438\u0441\u0442\u0438\u043d\u0438\u0442\u043e\u0441\u0442 \u0438\u043b\u0438 \u043d\u0435\u0442\u0430\u0447\u043d\u043e\u0441\u0442 \u043f\u043e\u0434\u0430\u0442\u0430\u043a\u0430 \u0438 \u0434\u043e\u043a\u0443\u043c\u0435\u043d\u0430\u0442\u0430.<\/span><\/label><\/span><\/span><\/span><br \/>\n<\/label><br \/>\n<input class=\"wpcf7-form-control has-spinner wpcf7-submit\" type=\"submit\" value=\"\u041f\u043e\u0448\u0430\u0459\u0438 \u043f\u043e\u0434\u0430\u0442\u043a\u0435\" \/><br \/>\n<\/label>\n<\/p><div class=\"wpcf7-response-output\" aria-hidden=\"true\"><\/div>\n<\/form>\n<\/div>\n<\/div>\n","protected":false},"excerpt":{"rendered":"\u0423 \u0441\u043a\u043b\u0430\u0434\u0443 \u0441\u0430 \u043e\u0434\u0440\u0435\u0434\u0431\u0430\u043c\u0430 \u0417\u0430\u043a\u043e\u043d\u0430 \u043e \u0441\u043f\u043e\u0440\u0442\u0443 2016. \u0433\u043e\u0434. (\u0427\u043b. 30. \u0441\u0442. 3 \u0438 4) \u043a\u043e\u0458\u0438 \u043f\u0440\u043e\u043f\u0438\u0441\u0443\u0458\u0435 \u043d\u0430\u0447\u0438\u043d \u0432\u043e\u0452\u0435\u045a\u0430 \u0435\u0432\u0438\u0434\u0435\u043d\u0446\u0438\u0458\u0430 \u043e \u043f\u043e\u043b\u0430\u0437\u043d\u0438\u0446\u0438\u043c\u0430 \u043a\u0443\u0440\u0441\u0435\u0432\u0430 \u0437\u0430 \u0441\u0442\u0440\u0443\u0447\u043d\u043e \u043e\u0441\u043f\u043e\u0441\u043e\u0431\u0459\u0430\u0432\u0430\u045a\u0435, \u043c\u043e\u043b\u0438\u043c\u043e \u0412\u0430\u0441 \u0434\u0430 \u0438\u0441\u043f\u0443\u043d\u0438\u0442\u0435 \u0441\u043b\u0435\u0434\u0435\u045b\u0435 \u043f\u043e\u0434\u0430\u0442\u043a\u0435 \u0438 \u043f\u0440\u0438\u0442\u0438\u0441\u043a\u043e\u043c \u043d\u0430 \u0434\u0443\u0433\u043c\u0435 &#8222;\u041f\u043e\u0448\u0430\u0459\u0438 \u043f\u043e\u0434\u0430\u0442\u043a\u0435&#8220; \u043f\u0440\u043e\u0441\u043b\u0435\u0434\u0438\u0442\u0435 \u043f\u043e\u0434\u0430\u0442\u043a\u0435 \u0443 \u0446\u0438\u0459\u0443 \u043a\u043e\u043c\u043f\u043b\u0435\u0442\u0438\u0440\u0430\u045a\u0430 \u0435\u0432\u0438\u0434\u0435\u043d\u0446\u0438\u0458\u0430 \u043e \u043f\u043e\u043b\u0430\u0437\u043d\u0438\u0446\u0438\u043c\u0430. \u0421\u041e\u0418\u0421.","protected":false},"author":1,"featured_media":0,"parent":0,"menu_order":0,"comment_status":"closed","ping_status":"closed","template":"","meta":[],"_links":{"self":[{"href":"https:\/\/www.interskisrb.org.rs\/index.php?rest_route=\/wp\/v2\/pages\/1553"}],"collection":[{"href":"https:\/\/www.interskisrb.org.rs\/index.php?rest_route=\/wp\/v2\/pages"}],"about":[{"href":"https:\/\/www.interskisrb.org.rs\/index.php?rest_route=\/wp\/v2\/types\/page"}],"author":[{"embeddable":true,"href":"https:\/\/www.interskisrb.org.rs\/index.php?rest_route=\/wp\/v2\/users\/1"}],"replies":[{"embeddable":true,"href":"https:\/\/www.interskisrb.org.rs\/index.php?rest_route=%2Fwp%2Fv2%2Fcomments&post=1553"}],"version-history":[{"count":13,"href":"https:\/\/www.interskisrb.org.rs\/index.php?rest_route=\/wp\/v2\/pages\/1553\/revisions"}],"predecessor-version":[{"id":2229,"href":"https:\/\/www.interskisrb.org.rs\/index.php?rest_route=\/wp\/v2\/pages\/1553\/revisions\/2229"}],"wp:attachment":[{"href":"https:\/\/www.interskisrb.org.rs\/index.php?rest_route=%2Fwp%2Fv2%2Fmedia&parent=1553"}],"curies":[{"name":"wp","href":"https:\/\/api.w.org\/{rel}","templated":true}]}}